t is the ten millions digit of 18105691?
1
What is the hundred thousands digit of 117169?
1
What is the hundred thousands digit of 1425683?
4
What is the ten thousands digit of 4018648?
1
What is the units digit of 804725?
5
What is the units digit of 1255165?
5
What is the tens digit of 24484267?
6
What is the hundreds digit of 496049?
0
What is the hundred thousands digit of 4645885?
6
What is the tens digit of 82989?
8
What is the units digit of 448977?
7
What is the thousands digit of 3043985?
3
What is the hundred thousands digit of 36471241?
4
What is the millions digit of 1682434?
1
What is the thousands digit of 2473925?
3
What is the thousands digit of 2276617?
6
What is the units digit of 714538?
8
What is the hundreds digit of 246963?
9
What is the hundreds digit of 14986366?
3
What is the hundreds digit of 169660?
6
What is the tens digit of 334124?
2
What is the ten thousands digit of 19712?
1
What is the ten thousands digit of 736607?
3
What is the thousands digit of 1325037?
5
What is the hundred thousands digit of 2158576?
1
What is the ten thousands digit of 1314161?
1
What is the hundred thousands digit of 415807?
4
What is the ten thousands digit of 117612?
1
What is the units digit of 53620?
0
What is the thousands digit of 184047?
4
What is the thousands digit of 7240815?
0
What is the hundred thousands digit of 1503966?
5
What is the ten thousands digit of 151671?
5
What is the thousands digit of 9702833?
2
What is the units digit of 279223?
3
What is the thousands digit of 1805859?
5
What is the tens digit of 218914?
1
What is the millions digit of 2099844?
2
What is the millions digit of 2475958?
2
What is the tens digit of 167802?
0
What is the tens digit of 642312?
1
What is the units digit of 15821391?
1
What is the tens digit of 697423?
2
What is the thousands digit of 27001307?
1
What is the units digit of 11639485?
5
What is the tens digit of 10981?
8
What is the hundreds digit of 5482828?
8
What is the thousands digit of 1425275?
5
What is the units digit of 10877394?
4
What is the ten thousands digit of 1669263?
6
What is the hundreds digit of 871821?
8
What is the units digit of 2608744?
4
What is the hundreds digit of 33164?
1
What is the thousands digit of 937492?
7
What is the hundred thousands digit of 2645540?
6
What is the tens digit of 1059293?
9
What is the units digit of 27690266?
6
What is the thousands digit of 259750?
9
What is the hundreds digit of 131823?
8
What is the thousands digit of 755351?
5
What is the ten millions digit of 14840785?
1
What is the ten thousands digit of 143065?
4
What is the ten thousands digit of 1855776?
5
What is the ten millions digit of 13765075?
1
What is the millions digit of 1168913?
1
What is the hundreds digit of 5606670?
6
What is the tens digit of 78889?
8
What is the ten thousands digit of 983956?
8
What is the thousands digit of 728652?
8
What is the hundred thousands digit of 416514?
4
What is the hundreds digit of 7897435?
4
What is the hundred thousands digit of 2380866?
3
What is the ten thousands digit of 98365?
9
What is the hundreds digit of 5384018?
0
What is the hundreds digit of 11607853?
8
What is the units digit of 1501362?
2
What is the millions digit of 8345758?
8
What is the units digit of 10765720?
0
What is the hundred thousands digit of 236954?
2
What is the units digit of 835058?
8
What is the thousands digit of 19091?
9
What is the hundreds digit of 1467958?
9
What is the thousands digit of 922783?
2
What is the units digit of 4875103?
3
What is the ten thousands digit of 3736317?
3
What is the units digit of 557704?
4
What is the units digit of 8911903?
3
What is the hundred thousands digit of 225811?
2
What is the ten thousands digit of 198762?
9
What is the millions digit of 3631494?
3
What is the thousands digit of 206662?
6
What is the tens digit of 6249920?
2
What is the hundred thousands digit of 367024?
3
What is the tens digit of 2318596?
9
What is the ten thousands digit of 1917588?
1
What is the tens digit of 5832496?
9
What is the units digit of 13366477?
7
What is the thousands digit of 4877278?
7
What is the ten thousands digit of 363944?
6
What is the hundred thousands digit of 963147?
9
What is the millions digit of 2147714?
2
What is the hundred thousands digit of 1306233?
3
What is the hundreds digit of 7568855?
8
What is the hundred thousands digit of 171426?
1
What is the millions digit of 1557542?
1
What is the tens digit of 1673727?
2
What is the ten thousands digit of 668902?
6
What is the millions digit of 19793266?
9
What is the hundreds digit of 403957?
9
What is the thousands digit of 4222518?
2
What is the hundred thousands digit of 2261961?
2
What is the units digit of 1376217?
7
What is the tens digit of 832683?
8
What is the thousands digit of 49338?
9
What is the thousands digit of 23322861?
2
What is the thousands digit of 811210?
1
What is the hundred thousands digit of 4950130?
9
What is the units digit of 27692803?
3
What is the millions digit of 21395248?
1
What is the ten thousands digit of 6523646?
2
What is the hundred thousands digit of 158643?
1
What is the hundreds digit of 5626350?
3
What is the hundred thousands digit of 292468?
2
What is the thousands digit of 474341?
4
What is the millions digit of 1629689?
1
What is the ten thousands digit of 339833?
3
What is the ten thousands digit of 129072?
2
What is the tens digit of 3532830?
3
What is the units digit of 192938?
8
What is the ten thousands digit of 61779?
6
What is the units digit of 770531?
1
What is the tens digit of 322997?
9
What is the hundred thousands digit of 19939186?
9
What is the thousands digit of 2517547?
7
What is the ten thousands digit of 66065?
6
What is the tens digit of 8187198?
9
What is the tens digit of 898097?
9
What is the tens digit of 5161780?
8
What is the thousands digit of 6701935?
1
What is the thousands digit of 101305?
1
What is the thousands digit of 16982975?
2
What is the hundreds digit of 138662?
6
What is the hundred thousands digit of 442156?
4
What is the hundreds digit of 3180741?
7
What is the millions digit of 3145477?
3
What is the hundred thousands digit of 529662?
5
What is the ten thousands digit of 90889?
9
What is the hundred thousands digit of 434629?
4
What is the thousands digit of 2666276?
6
What is the thousands digit of 71302?
1
What is the tens digit of 4615426?
2
What is the hundreds digit of 196236?
2
What is the thousands digit of 351060?
1
What is the thousands digit of 2356002?
6
What is the hundred thousands digit of 3898043?
8
What is the units digit of 86658?
8
What is the hundred thousands digit of 6384237?
3
What is the units digit of 15763120?
0
What is the ten thousands digit of 1225006?
2
What is the hundreds digit of 21268456?
4
What is the hundreds digit of 785034?
0
What is the units digit of 3732931?
1
What is the tens digit of 84862?
6
What is the ten thousands digit of 753339?
5
What is the thousands digit of 6586418?
6
What is the units digit of 1732392?
2
What is the thousands digit of 6998452?
8
What is the hundred thousands digit of 2236417?
2
What is the thousands digit of 252833?
2
What is the hundreds digit of 12974962?
9
What is the hundred thousands digit of 239291?
2
What is the units digit of 67051?
1
What is the units digit of 691226?
6
What is the thousands digit of 11454528?
4
What is the thousands digit of 513066?
3
What is the ten thousands digit of 711373?
1
What is the hundreds digit of 756086?
0
What is the hundred thousands digit of 820768?
8
What is the hundred thousands digit of 2711290?
7
What is the tens digit of 688521?
2
What is the tens digit of 2117487?
8
What is the hundreds digit of 6942149?
1
What is the tens digit of 32489182?
8
What is the ten thousands digit of 1005024?
0
What is the hundred thousands digit of 234625?
2
What is the millions digit of 8237784?
8
What is the ten thousands digit of 33206045?
0
What is the tens digit of 447879?
7
What is the thousands digit of 8718129?
8
What is the units digit of 264549?
9
What is the tens digit of 1848977?
7
What is the hundreds digit of 1222080?
0
What is the thousands digit of 91730?
1
What is the thousands digit of 1097397?
7
What is the hundreds digit of 2155947?
9
What is the